{"id":322,"date":"2013-11-22T08:49:58","date_gmt":"2013-11-22T08:49:58","guid":{"rendered":"https:\/\/multistation.com.br\/site\/about-us\/"},"modified":"2020-09-20T21:05:23","modified_gmt":"2020-09-21T00:05:23","slug":"about-us","status":"publish","type":"page","link":"https:\/\/multistation.com.br\/site\/about-us\/","title":{"rendered":"About us"},"content":{"rendered":"<section  class=\"section swatch-multistation-swatch section-normal \" ><div class=\"background-media\"><\/div><div class=\"background-overlay\" style=\"\"><\/div><div class=\"container\"><header class=\"section-header text-center underline\"><h1 class=\"headline hyper hairline\">Meet the team<\/h1><p>A Multistation oferece servi\u00e7os na \u00e1rea de inform\u00e1tica e entretenimento. Al\u00e9m de vender produtos relacionados.<\/p><\/header><div class=\"row vertical-top\"><div class=\"col-md-12  text-default\" ><ul class=\"list-unstyled row box-list\">\r\n    <li class=\"col-md-4\">\r\n        <div class=\"box-wrap\"><div class=\"box-hex flat-shadow box-huge\"><div class=\"box-dummy\"><\/div><figure class=\"box-inner\"><img loading=\"lazy\" decoding=\"async\" width=\"600\" height=\"518\" src=\"https:\/\/multistation.com.br\/site\/wp-content\/uploads\/2020\/09\/ps-logo-600x518.png\" class=\"attachment-hex-image size-hex-image wp-post-image\" alt=\"\" srcset=\"https:\/\/multistation.com.br\/site\/wp-content\/uploads\/2020\/09\/ps-logo-600x518.png 600w, https:\/\/multistation.com.br\/site\/wp-content\/uploads\/2020\/09\/ps-logo-300x259.png 300w\" sizes=\"auto, (max-width: 600px) 100vw, 600px\" \/><figcaption class=\"box-caption\"><h4><\/h4><p><\/p><\/figcaption><\/figure><\/div><\/div>        <h3 class=\"text-center\">            <a href=\"https:\/\/multistation.com.br\/site\/our-team\/playstation\/\"  target=\"_self\">PlayStation            <\/a>            <small class=\"block\">            <\/small>        <\/h3>            <p class=\"text-center\">\r\n                        <\/p>            <ul class=\"list-inline text-center social-icons social-simple\">            <\/ul>    <\/li>    <li class=\"col-md-4\">\r\n        <div class=\"box-wrap\"><div class=\"box-hex flat-shadow box-huge\"><div class=\"box-dummy\"><\/div><figure class=\"box-inner\"><img loading=\"lazy\" decoding=\"async\" width=\"600\" height=\"518\" src=\"https:\/\/multistation.com.br\/site\/wp-content\/uploads\/2020\/09\/xbox-logo1-600x518.jpg\" class=\"attachment-hex-image size-hex-image wp-post-image\" alt=\"\" srcset=\"https:\/\/multistation.com.br\/site\/wp-content\/uploads\/2020\/09\/xbox-logo1-600x518.jpg 600w, https:\/\/multistation.com.br\/site\/wp-content\/uploads\/2020\/09\/xbox-logo1-300x259.jpg 300w\" sizes=\"auto, (max-width: 600px) 100vw, 600px\" \/><figcaption class=\"box-caption\"><h4><\/h4><p><\/p><\/figcaption><\/figure><\/div><\/div>        <h3 class=\"text-center\">            <a href=\"https:\/\/multistation.com.br\/site\/our-team\/xbox\/\"  target=\"_self\">XBOX            <\/a>            <small class=\"block\">            <\/small>        <\/h3>            <p class=\"text-center\">\r\n                        <\/p>            <ul class=\"list-inline text-center social-icons social-simple\">            <\/ul>    <\/li>    <li class=\"col-md-4\">\r\n        <div class=\"box-wrap\"><div class=\"box-hex flat-shadow box-huge\"><div class=\"box-dummy\"><\/div><figure class=\"box-inner\"><img loading=\"lazy\" decoding=\"async\" width=\"600\" height=\"518\" src=\"https:\/\/multistation.com.br\/site\/wp-content\/uploads\/2020\/09\/Nintendo_Switch_logo_square-600x518.png\" class=\"attachment-hex-image size-hex-image wp-post-image\" alt=\"\" srcset=\"https:\/\/multistation.com.br\/site\/wp-content\/uploads\/2020\/09\/Nintendo_Switch_logo_square-600x518.png 600w, https:\/\/multistation.com.br\/site\/wp-content\/uploads\/2020\/09\/Nintendo_Switch_logo_square-300x259.png 300w\" sizes=\"auto, (max-width: 600px) 100vw, 600px\" \/><figcaption class=\"box-caption\"><h4><\/h4><p><\/p><\/figcaption><\/figure><\/div><\/div>        <h3 class=\"text-center\">            <a href=\"https:\/\/multistation.com.br\/site\/our-team\/nintendo\/\"  target=\"_self\">Nintendo            <\/a>            <small class=\"block\">            <\/small>        <\/h3>            <p class=\"text-center\">\r\n                        <\/p>            <ul class=\"list-inline text-center social-icons social-simple\">            <\/ul>    <\/li><\/ul><\/div><\/div><\/div><\/section><section  class=\"section swatch-multistation-swatch-white-background-with-red-elements section-normal has-top \" ><div class=\"decor-top\"><svg class=\"decor hidden-xs hidden-sm\" height=\"100%\" preserveaspectratio=\"none\" version=\"1.1\" viewbox=\"0 0 100 100\" width=\"100%\" xmlns=\"http:\/\/www.w3.org\/2000\/svg\">\n  <path d=\"M0 100 L2 60 L4 100 L6 60 L8 100 L10 60 L12 100 L14 60 L16 100 L18 60 L20 100 L22 60 L24 100 L26 60 L28 100 L30 60 L32 100 L34 60 L36 100 L38 60 L40 100 L42 60 L44 100 L46 60 L48 100 L50 60 L52 100 L54 60 L56 100 L58 60 L60 100 L62 60 L64 100 L66 60 L68 100 L70 60 L72 100 L74 60 L76 100 L78 60 L80 100 L82 60 L84 100 L86 60 L88 100 L90 60 L92 100 L94 60 L96 100 L98 60 L100 100 Z\" stroke-width=\"0\"><\/path>\n<\/svg>\n<svg class=\"decor visible-xs visible-sm\" height=\"100%\" preserveaspectratio=\"none\" version=\"1.1\" viewbox=\"0 0 100 100\" width=\"100%\" xmlns=\"http:\/\/www.w3.org\/2000\/svg\">\n  <path d=\"M0 100 L5 60 L10 100 L5 60 L10 100 L15 60 L20 100 L25 60 L30 100 L35 60 L40 100 L45 60 L50 100 L55 60 L60 100 L65 60 L70 100 L75 60 L80 100 L85 60 L90 100 L95 60 L100 100\" stroke-width=\"0\"><\/path>\n<\/svg>\n<\/div><div class=\"background-media\"><\/div><div class=\"background-overlay\" style=\"\"><\/div><div class=\"container\"><header class=\"section-header text-center underline\"><h1 class=\"headline hyper hairline\">What we do best?<\/h1><p>He's the exact opposite of the hero. And most times they're friends, like you and me! I should've known way back when... You know why, David? Because of the kids. They called me Mr Glass.<\/p><\/header><div class=\"row vertical-top\"><div class=\"col-md-3  text-default\" ><div class=\"chart easyPieChart\" data-track-color=\"#e2d9d8\" data-bar-color=\"#dd3333\" data-line-width=\"20\" data-percent=\"92\" data-size=\"200\"><span>92<\/span><i class=\"fa fa-css3\"><\/i><\/div><h3 class=\"text-center margin-top\">CSS Skills<\/h3>\n<p class=\"text-center\">Lorem ipsum dolor sit amet, consectetur adipisicing elit. Ducimus, id, temporibus, sapiente, enim unde molestiae adipisci obcaecati aliquam quisquam impedit et similique quasi ut beatae tenetur assumenda nihil esse facere.<\/p>\n<\/div><div class=\"col-md-3  text-default\" ><div class=\"chart easyPieChart\" data-track-color=\"#e2d9d8\" data-bar-color=\"#dd3333\" data-line-width=\"20\" data-percent=\"70\" data-size=\"200\"><span>70<\/span><i class=\"fa fa-html5\"><\/i><\/div><h3 class=\"text-center margin-top\">HTML<\/h3>\n<p class=\"text-center\">Lorem ipsum dolor sit amet, consectetur adipisicing elit. Ducimus, id, temporibus, sapiente, enim unde molestiae adipisci obcaecati aliquam quisquam impedit et similique quasi ut beatae tenetur assumenda nihil esse facere.<\/p>\n<\/div><div class=\"col-md-3  text-default\" ><div class=\"chart easyPieChart\" data-track-color=\"#e2d9d8\" data-bar-color=\"#dd3333\" data-line-width=\"20\" data-percent=\"10\" data-size=\"200\"><span>10<\/span><i class=\"fa fa-gamepad\"><\/i><\/div><h3 class=\"text-center margin-top\">Time for games<\/h3>\n<p class=\"text-center\">Lorem ipsum dolor sit amet, consectetur adipisicing elit. Ducimus, id, temporibus, sapiente, enim unde molestiae adipisci obcaecati aliquam quisquam impedit et similique quasi ut beatae tenetur assumenda nihil esse facere.<\/p>\n<\/div><div class=\"col-md-3  text-default\" ><div class=\"chart easyPieChart\" data-track-color=\"#e2d9d8\" data-bar-color=\"#dd3333\" data-line-width=\"20\" data-percent=\"90\" data-size=\"200\"><span>90<\/span><i class=\"fa fa-coffee\"><\/i><\/div><h3 class=\"text-center margin-top\">Coffee drinking<\/h3>\n<p class=\"text-center\">Lorem ipsum dolor sit amet, consectetur adipisicing elit. Ducimus, id, temporibus, sapiente, enim unde molestiae adipisci obcaecati aliquam quisquam impedit et similique quasi ut beatae tenetur assumenda nihil esse facere.<\/p>\n<\/div><\/div><\/div><\/section><section  class=\"section swatch-multistation-swatch section-normal has-top \" ><div class=\"decor-top\"><svg class=\"decor hidden-xs hidden-sm\" height=\"100%\" preserveaspectratio=\"none\" version=\"1.1\" viewbox=\"0 0 100 100\" width=\"100%\" xmlns=\"http:\/\/www.w3.org\/2000\/svg\">\n  <path d=\"M0 100 L2 60 L4 100 L6 60 L8 100 L10 60 L12 100 L14 60 L16 100 L18 60 L20 100 L22 60 L24 100 L26 60 L28 100 L30 60 L32 100 L34 60 L36 100 L38 60 L40 100 L42 60 L44 100 L46 60 L48 100 L50 60 L52 100 L54 60 L56 100 L58 60 L60 100 L62 60 L64 100 L66 60 L68 100 L70 60 L72 100 L74 60 L76 100 L78 60 L80 100 L82 60 L84 100 L86 60 L88 100 L90 60 L92 100 L94 60 L96 100 L98 60 L100 100 Z\" stroke-width=\"0\"><\/path>\n<\/svg>\n<svg class=\"decor visible-xs visible-sm\" height=\"100%\" preserveaspectratio=\"none\" version=\"1.1\" viewbox=\"0 0 100 100\" width=\"100%\" xmlns=\"http:\/\/www.w3.org\/2000\/svg\">\n  <path d=\"M0 100 L5 60 L10 100 L5 60 L10 100 L15 60 L20 100 L25 60 L30 100 L35 60 L40 100 L45 60 L50 100 L55 60 L60 100 L65 60 L70 100 L75 60 L80 100 L85 60 L90 100 L95 60 L100 100\" stroke-width=\"0\"><\/path>\n<\/svg>\n<\/div><div class=\"background-media\"><\/div><div class=\"background-overlay\" style=\"\"><\/div><div class=\"container\"><header class=\"section-header text-center underline\"><h1 class=\"headline hyper hairline\">Why work with us?<\/h1><p>He's the exact opposite of the hero. And most times they're friends, like you and me! I should've known way back when... You know why, David? Because of the kids. They called me Mr Glass.<\/p><\/header><div class=\"row vertical-top\"><div class=\"col-md-3  text-default\" ><\/div><div class=\"col-md-6  text-default\" ><div class=\"panel-group \" id=\"accordion_69ea24b20f57b\"><div class=\"panel panel-default\"><div class=\"panel-heading\"><a class=\"accordion-toggle collapsed\" data-parent=\"#accordion_69ea24b20f57b\" data-toggle=\"collapse\" href=\"#group69ea24b20f5ea\">1. WHY OUR TEAM?<\/a><\/div><div class=\"panel-collapse collapse\" id=\"group69ea24b20f5ea\"><div class=\"panel-body\"><p><p>Lorem ipsum dolor sit amet, consectetur adipiscing elit. Etiam consequat mattis dolor, commodo ultrices elit posuere non. Proin nec lorem ipsum. Sed tincidunt lorem id sapien dignissim ullamcorper. Fusce mauris ligula, luctus at dictum in, blandit ut odio. Curabitur dignissim luctus est non eleifend. Nam faucibus pretium accumsan. Mauris a semper libero. Morbi eu tellus tellus. Morbi mollis, sapien at sodales elementum, magna lectus consectetur elit, a feugiat ipsum eros vitae justo.<\/p>\n<\/p><\/div><\/div><\/div><div class=\"panel panel-default\"><div class=\"panel-heading\"><a class=\"accordion-toggle collapsed\" data-parent=\"#accordion_69ea24b20f57b\" data-toggle=\"collapse\" href=\"#group69ea24b20f60f\">2. HOW MUCH WILL IT COST?<\/a><\/div><div class=\"panel-collapse collapse\" id=\"group69ea24b20f60f\"><div class=\"panel-body\"><p><p>Aliquam erat volutpat. Praesent rutrum auctor metus, in feugiat mi congue id. Curabitur ultricies dapibus aliquet. Sed id scelerisque tortor. Nulla facilisi. Praesent placerat gravida velit, ut adipiscing est tristique sed. Cras vel elit mauris, sed sagittis sem. Donec urna tellus, suscipit ac convallis vel, euismod a leo. Nulla pretium dapibus magna bibendum vehicula. Nunc laoreet magna nec dolor ornare pulvinar. Phasellus vel lacus dui, sit amet blandit tellus. Sed id ipsum at justo ultrices tempus vel vitae dolor.<\/p>\n<\/p><\/div><\/div><\/div><div class=\"panel panel-default\"><div class=\"panel-heading\"><a class=\"accordion-toggle collapsed\" data-parent=\"#accordion_69ea24b20f57b\" data-toggle=\"collapse\" href=\"#group69ea24b20f61f\">3. WHAT EXACTLY DO I GET?<\/a><\/div><div class=\"panel-collapse collapse\" id=\"group69ea24b20f61f\"><div class=\"panel-body\"><p><p>Aliquam erat volutpat. Praesent rutrum auctor metus, in feugiat mi congue id. Curabitur ultricies dapibus aliquet. Sed id scelerisque tortor. Nulla facilisi. Praesent placerat gravida velit, ut adipiscing est tristique sed. Cras vel elit mauris, sed sagittis sem. Donec urna tellus, suscipit ac convallis vel, euismod a leo. Nulla pretium dapibus magna bibendum vehicula. Nunc laoreet magna nec dolor ornare pulvinar. Phasellus vel lacus dui, sit amet blandit tellus. Sed id ipsum at justo ultrices tempus vel vitae dolor.<\/p>\n<\/p><\/div><\/div><\/div><div class=\"panel panel-default\"><div class=\"panel-heading\"><a class=\"accordion-toggle collapsed\" data-parent=\"#accordion_69ea24b20f57b\" data-toggle=\"collapse\" href=\"#group69ea24b20f62b\">4. WHY IS IT SO CHEAP?<\/a><\/div><div class=\"panel-collapse collapse\" id=\"group69ea24b20f62b\"><div class=\"panel-body\"><p><p>Aliquam erat volutpat. Praesent rutrum auctor metus, in feugiat mi congue id. Curabitur ultricies dapibus aliquet. Sed id scelerisque tortor. Nulla facilisi. Praesent placerat gravida velit, ut adipiscing est tristique sed. Cras vel elit mauris, sed sagittis sem. Donec urna tellus, suscipit ac convallis vel, euismod a leo. Nulla pretium dapibus magna bibendum vehicula. Nunc laoreet magna nec dolor ornare pulvinar. Phasellus vel lacus dui, sit amet blandit tellus. Sed id ipsum at justo ultrices tempus vel vitae dolor.<\/p>\n<\/p><\/div><\/div><\/div><div class=\"panel panel-default\"><div class=\"panel-heading\"><a class=\"accordion-toggle collapsed\" data-parent=\"#accordion_69ea24b20f57b\" data-toggle=\"collapse\" href=\"#group69ea24b20f636\">5. HOW LONG WILL IT TAKE?<\/a><\/div><div class=\"panel-collapse collapse\" id=\"group69ea24b20f636\"><div class=\"panel-body\"><p><p>Aliquam erat volutpat. Praesent rutrum auctor metus, in feugiat mi congue id. Curabitur ultricies dapibus aliquet. Sed id scelerisque tortor. Nulla facilisi. Praesent placerat gravida velit, ut adipiscing est tristique sed. Cras vel elit mauris, sed sagittis sem. Donec urna tellus, suscipit ac convallis vel, euismod a leo. Nulla pretium dapibus magna bibendum vehicula. Nunc laoreet magna nec dolor ornare pulvinar. Phasellus vel lacus dui, sit amet blandit tellus. Sed id ipsum at justo ultrices tempus vel vitae dolor.<\/p>\n<\/p><\/div><\/div><\/div><div class=\"panel panel-default\"><div class=\"panel-heading\"><a class=\"accordion-toggle collapsed\" data-parent=\"#accordion_69ea24b20f57b\" data-toggle=\"collapse\" href=\"#group69ea24b20f641\">6. ARE YOU GOING TO SUPPORT IT?<\/a><\/div><div class=\"panel-collapse collapse\" id=\"group69ea24b20f641\"><div class=\"panel-body\"><p><p>Aliquam erat volutpat. Praesent rutrum auctor metus, in feugiat mi congue id. Curabitur ultricies dapibus aliquet. Sed id scelerisque tortor. Nulla facilisi. Praesent placerat gravida velit, ut adipiscing est tristique sed. Cras vel elit mauris, sed sagittis sem. Donec urna tellus, suscipit ac convallis vel, euismod a leo. Nulla pretium dapibus magna bibendum vehicula. Nunc laoreet magna nec dolor ornare pulvinar. Phasellus vel lacus dui, sit amet blandit tellus. Sed id ipsum at justo ultrices tempus vel vitae dolor.<\/p>\n<\/p><\/div><\/div><\/div><div class=\"panel panel-default\"><div class=\"panel-heading\"><a class=\"accordion-toggle collapsed\" data-parent=\"#accordion_69ea24b20f57b\" data-toggle=\"collapse\" href=\"#group69ea24b20f657\">7. CAN I PLEASE HAVE IT?<\/a><\/div><div class=\"panel-collapse collapse\" id=\"group69ea24b20f657\"><div class=\"panel-body\"><p><p>Aliquam erat volutpat. Praesent rutrum auctor metus, in feugiat mi congue id. Curabitur ultricies dapibus aliquet. Sed id scelerisque tortor. Nulla facilisi. Praesent placerat gravida velit, ut adipiscing est tristique sed. Cras vel elit mauris, sed sagittis sem. Donec urna tellus, suscipit ac convallis vel, euismod a leo. Nulla pretium dapibus magna bibendum vehicula. Nunc laoreet magna nec dolor ornare pulvinar. Phasellus vel lacus dui, sit amet blandit tellus. Sed id ipsum at justo ultrices tempus vel vitae dolor.<\/p>\n<\/p><\/div><\/div><\/div><div class=\"panel panel-default\"><div class=\"panel-heading\"><a class=\"accordion-toggle collapsed\" data-parent=\"#accordion_69ea24b20f57b\" data-toggle=\"collapse\" href=\"#group69ea24b20f661\">8. WHY DO I KEEP ASKING?<\/a><\/div><div class=\"panel-collapse collapse\" id=\"group69ea24b20f661\"><div class=\"panel-body\"><p><p>Aliquam erat volutpat. Praesent rutrum auctor metus, in feugiat mi congue id. Curabitur ultricies dapibus aliquet. Sed id scelerisque tortor. Nulla facilisi. Praesent placerat gravida velit, ut adipiscing est tristique sed. Cras vel elit mauris, sed sagittis sem. Donec urna tellus, suscipit ac convallis vel, euismod a leo. Nulla pretium dapibus magna bibendum vehicula. Nunc laoreet magna nec dolor ornare pulvinar. Phasellus vel lacus dui, sit amet blandit tellus. Sed id ipsum at justo ultrices tempus vel vitae dolor.<\/p>\n<\/p><\/div><\/div><\/div><\/div><\/div><div class=\"col-md-3  text-default\" ><\/div><\/div><\/div><\/section><section  class=\"section swatch-multistation-swatch-white-background-with-red-elements section-normal has-top \" ><div class=\"decor-top\"><svg class=\"decor hidden-xs hidden-sm\" height=\"100%\" preserveaspectratio=\"none\" version=\"1.1\" viewbox=\"0 0 100 100\" width=\"100%\" xmlns=\"http:\/\/www.w3.org\/2000\/svg\">\n  <path d=\"M0 100 L2 60 L4 100 L6 60 L8 100 L10 60 L12 100 L14 60 L16 100 L18 60 L20 100 L22 60 L24 100 L26 60 L28 100 L30 60 L32 100 L34 60 L36 100 L38 60 L40 100 L42 60 L44 100 L46 60 L48 100 L50 60 L52 100 L54 60 L56 100 L58 60 L60 100 L62 60 L64 100 L66 60 L68 100 L70 60 L72 100 L74 60 L76 100 L78 60 L80 100 L82 60 L84 100 L86 60 L88 100 L90 60 L92 100 L94 60 L96 100 L98 60 L100 100 Z\" stroke-width=\"0\"><\/path>\n<\/svg>\n<svg class=\"decor visible-xs visible-sm\" height=\"100%\" preserveaspectratio=\"none\" version=\"1.1\" viewbox=\"0 0 100 100\" width=\"100%\" xmlns=\"http:\/\/www.w3.org\/2000\/svg\">\n  <path d=\"M0 100 L5 60 L10 100 L5 60 L10 100 L15 60 L20 100 L25 60 L30 100 L35 60 L40 100 L45 60 L50 100 L55 60 L60 100 L65 60 L70 100 L75 60 L80 100 L85 60 L90 100 L95 60 L100 100\" stroke-width=\"0\"><\/path>\n<\/svg>\n<\/div><div class=\"background-media\"><\/div><div class=\"background-overlay\" style=\"\"><\/div><div class=\"container\"><header class=\"section-header text-center underline\"><h1 class=\"headline super hairline\">Clients said<\/h1><\/header><div class=\"row vertical-top\"><div class=\"col-md-12  text-default\" ><div id=\"flexslider-85\" class=\"flexslider feature-slider\" data-flex-animation=\"slide\" data-flex-controls-position=\"inside\" data-flex-directions=\"hide\" data-flex-speed=\"7000\" data-flex-controls=\"show\" data-flex-slideshow=\"true\">\r\n    <ul class=\"slides list-unstyled\">        <li>\r\n            <blockquote class=\"fancy-blockquote text-center\">\r\n                <p>Nullam vitae sollicitudin eros. Cras varius vehicula velit, ac congue quam dictum sed. Duis autem vel eum iriure dolor in hendrerit in vulputate velit esse molestie consequat.Donec sed odio dui. Nulla vitae elit libero, a pharetra augue. Nullam id dolor id ultricies ut vehicula ut id. Integer posuere erat a venenatis dapibus posuere velit aliquet duis mollis. Pellentesque ornare sem lacinia quam venenatis vestibulum.                <\/p>\r\n                <small>Sue Doe                <\/small>\r\n            <\/blockquote>\r\n        <\/li>        <li>\r\n            <blockquote class=\"fancy-blockquote text-center\">\r\n                <p>Nullam vitae sollicitudin eros. Cras varius vehicula velit, ac congue quam dictum sed. Duis autem vel eum iriure dolor in hendrerit in vulputate velit esse molestie consequat.Donec sed odio dui. Nulla vitae elit libero, a pharetra augue. Nullam id dolor id ultricies ut vehicula ut id. Integer posuere erat a venenatis dapibus posuere velit aliquet duis mollis. Pellentesque ornare sem lacinia quam venenatis vestibulum.                <\/p>\r\n                <small>John Langan                <\/small>\r\n            <\/blockquote>\r\n        <\/li>    <\/ul>\r\n<\/div><\/div><\/div><\/div><\/section>\n","protected":false},"excerpt":{"rendered":"Nullam vitae sollicitudin eros. Cras varius vehicula velit, ac congue quam dictum sed. Duis autem vel eum iriure dolor in hendrerit in vulputate velit esse molestie consequat.Donec sed odio dui. Nulla vitae elit libero, a pharetra augue. Nullam id dolor id ultricies ut vehicula ut id. Integer posuere erat a venenatis dapibus posuere velit aliquet","protected":false},"author":1,"featured_media":0,"parent":0,"menu_order":0,"comment_status":"open","ping_status":"closed","template":"","meta":{"footnotes":""},"class_list":["post-322","page","type-page","status-publish","hentry"],"_links":{"self":[{"href":"https:\/\/multistation.com.br\/site\/wp-json\/wp\/v2\/pages\/322","targetHints":{"allow":["GET"]}}],"collection":[{"href":"https:\/\/multistation.com.br\/site\/wp-json\/wp\/v2\/pages"}],"about":[{"href":"https:\/\/multistation.com.br\/site\/wp-json\/wp\/v2\/types\/page"}],"author":[{"embeddable":true,"href":"https:\/\/multistation.com.br\/site\/wp-json\/wp\/v2\/users\/1"}],"replies":[{"embeddable":true,"href":"https:\/\/multistation.com.br\/site\/wp-json\/wp\/v2\/comments?post=322"}],"version-history":[{"count":2,"href":"https:\/\/multistation.com.br\/site\/wp-json\/wp\/v2\/pages\/322\/revisions"}],"predecessor-version":[{"id":598,"href":"https:\/\/multistation.com.br\/site\/wp-json\/wp\/v2\/pages\/322\/revisions\/598"}],"wp:attachment":[{"href":"https:\/\/multistation.com.br\/site\/wp-json\/wp\/v2\/media?parent=322"}],"curies":[{"name":"wp","href":"https:\/\/api.w.org\/{rel}","templated":true}]}}